be (-1 - 51) + (-6)/2 + 2. Let f = 53 - n. Is f a prime number?
False
Suppose 0 = 5*g - 20, 3*v + 104 = 7*v + 5*g. Let y = 25 - v. Suppose -2*t + y*j + 1142 = 0, 3*t = -t - j + 2293. Is t composite?
True
Is 113228 - (22 + -12 + -19) a composite number?
True
Let b(l) = 2097*l - 55. Is b(8) composite?
True
Suppose k - 43 = 201. Let o = -87 - 60. Let j = k + o. Is j a prime number?
True
Let m(i) = i**2 + 6*i - 3. Let a be m(-8). Suppose -a = -8*v + 3. Suppose 2*y = -2*y + 5*g + 346, 0 = 5*y + v*g - 449. Is y prime?
True
Let g = 23691 - -13358. Is g composite?
False
Let w be 3 + 0/(-2) + 2. Suppose 5*i + 16 = 2*y, 3*y + 2*i + 0 = w. Let z(x) = -x**2 + 5*x - 3. Is z(y) a composite number?
False
Let u = -16482 + 25949. Is u a prime number?
True
Is (4 + 0 - 0) + 4657 a composite number?
True
Let l = -98 - -61. Let m = 51 + l. Is m prime?
False
Let a(x) = -x**3 + 3140. Let l be a(0). Let k = l - -455. Is k prime?
False
Suppose 82 = p - 636. Suppose -2*m = -2392 - p. Is m a composite number?
True
Suppose 80*s - 897186 = -363826. Is s composite?
True
Let o(f) = -f + 1. Let m be o(-2). Is ((-113)/m)/(2/(-42)) composite?
True
Let l be (3/(-7))/3 - 74178/(-91). Let f = l - 478. Is f a composite number?
False
Let r(u) = 2*u**2 - 3*u + 1. Let j be r(3). Let n be (-15)/(-6)*1788/j. Suppose -n = -3*i + 4*o, -4*i + 2*o - o + 583 = 0. Is i a composite number?
True
Let h(a) = 2*a**2 - 2. Let s be h(4). Let v be (-4)/s - (-668)/60. Suppose -5*z + 254 = -v. Is z a prime number?
True
Let y = 23 - 27. Let h = y + 5. Is (h/2)/((-5)/(-150)) prime?
False
Is (-717020)/(-220) + ((-4)/22)/1 composite?
False
Let o(j) = -150*j - 5. Let p = -9 - -4. Is o(p) a prime number?
False
Suppose 0 = -5*r - 2*t + 4*t + 4801, 3*r = 3*t + 2886. Is r composite?
True
Is (-32308)/(-8) + 66/(-12) + 4 composite?
True
Is 9/6*1544542/69 a composite number?
False
Let w(t) = -52*t**3 + 2*t**2 + 8*t + 4. Let m be w(-3). Is (3 - -3 - 5)/(2/m) composite?
False
Let q = -61 + 66. Is (q - 4)*(918 - -5) composite?
True
Suppose z - 4 = -z, -1105 = -5*x + 5*z. Is x prime?
True
Let h be -3 - (-47 + -4 - -4). Let v = 139 + h. Is v a prime number?
False
Suppose -6 = -4*n + 2. Suppose n*k + d - 2*d = 882, d = -k + 435. Is k prime?
True
Suppose -z - 163568 = -17*z. Is z a composite number?
False
Let f(x) be the second derivative of x**6/48 + 3*x**5/40 - 7*x**4/12 + 4*x. Let p(y) be the third derivative of f(y). Is p(10) prime?
False
Let v(b) = 1 + 7 + b + 12 - 8. Suppose 3*s + 4*x + 56 = 7*s, -2*s - 4*x = 2. Is v(s) prime?
False
Let r(t) be the third derivative of 0*t - 11/12*t**4 + 1/3*t**3 + 0 - 12*t**2. Is r(-2) composite?
True
Let j(a) = a + 6. Let p be j(-6). Let v be (4 + p)/(-1 - -3). Suppose v*k - k - 215 = 0. Is k composite?
True
Let c(z) = z**3 - 10*z**2 + 6*z + 22. Let w be c(9). Let s(y) = 114*y**2 - 7. Is s(w) composite?
False
Let m(x) = 106*x**2 - 35*x + 198. Is m(7) composite?
False
Let j(i) = -3*i - 13. Let o be j(-4). Let q(s) = 60*s**2 + 2*s + 1. Is q(o) a prime number?
True
Let t(m) = 27*m**3 + m**2 + m + 1. Suppose 5 = -5*k, 2*k - k - 79 = -5*a. Let n = 18 - a. Is t(n) a composite number?
False
Let a(f) = 5*f**2 - 6*f + 6. Let w(v) = -v**3 + 5*v**2 - 3*v + 5. Let l be w(4). Let g be (3 + -2)*-2 + l. Is a(g) prime?
False
Let z be (4/6)/(5/20505 - 0). Suppose -3*m - 7*t = -8*t - z, 4*m = -5*t + 3677. Is m a prime number?
False
Suppose -n + 40786 = -4*i + 5525, -4*n + 141077 = -5*i. Is n a composite number?
True
Suppose -3*q + z = -694, 0 = 2*q + 2*z - 35 - 417. Let d = -11 + q. Is d composite?
True
Let y be ((-4)/5)/(2/(-5)). Let t be 2 + y + 289 - -2. Suppose -3*m + z + t = 3*z, 5*m - 3*z = 479. Is m a prime number?
True
Let n = -65 + -641. Let q = n - -1085. Is q a prime number?
True
Is 1*(-11)/((-44)/190948) a prime number?
True
Let w(c) be the second derivative of -c**5/20 + c**4/4 - c**3/2 + c**2/2 + 5*c. Let g be w(2). Is 3/g*(1 + -38) composite?
True
Let z be (-6)/5*(40/(-12))/2. Suppose z*o = 5*o + 12, 3*o + 3890 = 2*y. Is y a composite number?
True
Let t = 3142 - 4774. Let f = 2899 + t. Is f a composite number?
True
Suppose -5*r + 11*d = 8*d - 70520, 3*r + 2*d - 42331 = 0. Is r composite?
False
Let r(d) = -2*d**2 + 5*d - 16. Let g be r(-11). Let p = 708 + g. Is p composite?
True
Let j = -909 - -1626. Is j a composite number?
True
Suppose -7 = -4*z + 13. Let a(l) = l**2 + 8*l - 6. Let j be a(-9). Is j + -2 + z + -3 a composite number?
False
Let p = 9 - 6. Let a(x) = 15*x + 13*x**2 - x**p - 15 - 6*x + 11*x. Is a(14) prime?
False
Let k(n) = -n**3 - 4*n**2 + 6*n + 6. Let l be k(-5). Suppose 3 = x + l. Is (222/9)/(x/3) a prime number?
True
Suppose -5*f - 4*n = -60201, -4*f = f + 2*n - 60193. Is f a prime number?
True
Let c = -28 - -33. Suppose 5*j + 1001 = 3*o - o, -c*j + 971 = 2*o. Is o composite?
True
Let f = 28 - 44. Let p(x) = -158*x + 29. Is p(f) a composite number?
False
Suppose 3*x + 0*n = 3*n + 3, -3*x - 4*n - 4 = 0. Suppose -5*g + 5*l = 300, x = g + 3*g + l + 235. Let a = 104 - g. Is a a prime number?
True
Let k(d) = d**2 - 44*d - 4. Is k(-21) a composite number?
False
Suppose 203*h + 8103 = 206*h. Is h prime?
False
Let z(w) = 76*w**2 + 14*w + 5. Let u = 4 + -9. Is z(u) composite?
True
Let t = 960 + -631. Is t prime?
False
Suppose 5*n = -872 + 13942. Let a = n + -699. Is a a prime number?
False
Suppose -4*k = -5*c + 3*c + 19546, -4*k = 2*c - 19506. Is c a composite number?
True
Suppose -19*t - 252 = -17*t. Let z = -8 - t. Is z composite?
True
Suppose -4*j + 12 = -6*j. Let u(d) = 21*d**2 - 1 - 45*d**2 + 19*d**2 - 3*d**3 - 4*d. Is u(j) a composite number?
False
Suppose -5*m = -4*k - 116183, 0 = -2*m - 0*m - 2*k + 46484. Is m a composite number?
True
Let f be (-11)/77 - 176/(-7). Let y = -3 - f. Is (-4)/14 + (-6196)/y a composite number?
True
Suppose 7*k - 11*k = -28. Let o(i) = 4*i**2 + 10*i - 7. Is o(k) a prime number?
False
Suppose 5 = 5*c - 5. Suppose -c*o = 2*o. Suppose 894 = 4*v - 0*q - q, 5*v - q - 1117 = o. Is v a composite number?
False
Let t(h) = -5446*h - 479. Is t(-3) a prime number?
True
Let p(s) = -52*s**3 - 3*s**2 + 4*s - 2. Let z be p(2). Let m = -66 - z. Suppose -5*i + i + m = 0. Is i a prime number?
True
Suppose 7 = -3*n - 5. Suppose -9 = -2*k + 7. Is 4*2 - k/n composite?
True
Let r(o) = -o - 1. Let c be r(-3). Suppose 5*l - 23*l = -36. Suppose -2*z + 68 = l*i, -3*z - c = -i + 20. Is i composite?
False
Let x(u) = 587*u**2 - 2*u - 2. Let y be x(2). Suppose f - y = -f. Is f a prime number?
True
Let b = 2 + 2. Suppose -b*m - 388 = 5*y + 1471, -2*m - 1857 = 5*y. Let s = 48 - y. Is s composite?
False
Suppose -4*x + q + 41 = -314, 3*q + 353 = 4*x. Suppose -380 = -b - x. Suppose -w + 2*w = b. Is w prime?
False
Suppose -30*r + 2477286 = 12*r. Is r a composite number?
True
Let n(l) = 2*l**3 + 11*l - 3*l**3 + 0*l**3 + 2*l**3 - 10*l**2 + 4. Let z be n(9). Let r = 17 + z. Is r prime?
False
Suppose -3*y + 170 = -2242. Let r = y - 463. Is r a composite number?
True
Let d(c) = c + 6. Let n be d(-11). Let b be (-2 + -1)/(n - -4). Suppose -111 = -b*q + 54. Is q a prime number?
False
Let l be (-5)/(5/(-6)) - 1. Suppose -2*n + 823 = -3*o, 0 = -4*n + 3*n + l*o + 394. Is n prime?
True
Is ((-30)/(-5)*-1 + 5)*-28807 a composite number?
False
Let a(x) = -127*x + 12. Let i be a(-5). Let t = i + 392. Is t a composite number?
False
Suppose 4*f + 3*i + 149 - 1529 = 0, 0 = 2*i. Let j = f + 770. Is j a composite number?
True
Suppose 0*v + 2*s = 2*v - 2, 4*s = 3*v. Is (5085/20 + (-1)/v)/2 prime?
True
Let p = 137 - -4466. Suppose 0 = -4*q + 5*h + 2347 + p, -5211 = -3*q + 3*h. Is q a composite number?
True
Is (2252 + -10 - 9) + -6 a composite number?
True
Suppose 0 = 3*i - 4*i. Suppose i = -3*z + 88 + 1409. Is z a prime number?
True
Let b(l) = 29*l - 16. Let x(v) = -10*v + 5. Let z(h) = -4*b(h) - 11*x(h). Let d be z(6). Is 4/6 + (-5787)/d composite?
True
Let c(y) = y**3 - 22*y**2 + 23*y + 3. Is c(25) prime?
False
Let n = -6 - -8. Let o be 575 - n/3*-3. Suppose 2*l - k - o = 400, -3*k + 1452 = 3*l. Is l prime?
True
Is 40/8 - 5 - -1003 a prime number?
False
Suppose -o + 11378 = 12*h - 9*h, 5*h = 4*o + 18969. Is h composite?
False
Suppose -12*u + 954 = -6738. Is u a composite number?
False
Let r = -94 + 99. Suppose -j - 483 = -4*l, 5*l - 293 - 317 = -r*j. Is l prime?
False
Let x(i) = -i + 907. S